 + h)/(2946/(-980) - -3).
2, 5, 7
Let q(m) = m**2 - 56*m - 109. Let d(g) = -14*g - 27. Let a(y) = -9*d(y) + 2*q(y). Let c = -92 - -83. What are the prime factors of a(c)?
61
Let t(u) = -3*u**2 - 4*u. Let p(h) = -h - 8. Let x be p(-6). Let z be t(x). What are the prime factors of (z - (-98)/21) + 52/3?
2, 3
Let a(y) = 12*y + 62. Let z be a(-4). List the prime factors of ((-3672)/119)/((-2)/z).
2, 3
Suppose -2*o + 3*v + 4806 = 0, -3*v = 3*o - 1544 - 5665. List the prime factors of o.
3, 89
Let z(j) = -4*j + 35*j**2 - 93*j**2 + 43*j**2 - 6 + 58*j**2. Suppose 2*p = 5*p + 6. What are the prime factors of z(p)?
2, 3, 29
Let y be 44*(-5)/(35/1827). What are the prime factors of (-6)/(-27) + y/(-81)?
2, 71
Let p be 2387/(-7) - 6 - 3. Let d = -136 - p. List the prime factors of d.
2, 107
Let f be (-4)/8 - (33761/(-2))/7. Let g = f - 1708. What are the prime factors of g?
19, 37
List the prime factors of (-4)/(((-9)/(-6))/((-2658)/4)).
2, 443
Suppose 5*v - 30*a = -29*a + 36611, 3*a = -v + 7319. What are the prime factors of v?
2, 7, 523
Suppose 3 = -3*c, 2*r = 6*r - 3*c - 3. Suppose r = -7*o + 3*o. Suppose 3*f - 11 - 67 = o. List the prime factors of f.
2, 13
Let a(t) = -t**3 - 28*t**2 + 5*t + 123. Let g be a(-28). List the prime factors of 356 + -1 - (-23 - g).
19
Let d(v) = -3 + v + 4 + v**3 - 1. Let f be d(1). List the prime factors of 2*(-3)/f + (-1 - -57).
53
Let c = -5243 - -9190. List the prime factors of c.
3947
Suppose 46*y = 51*y - 2*s - 7, y - 6 = 5*s. Let u be 5/3 + 3/9. What are the prime factors of (188*y/u)/((-2)/(-4))?
2, 47
Let q = 70 + -94. Let n be 1 + 3 + -2 + q/(-8). Suppose 2*z = 5*f - 2*z - 600, -n*f + 3*z = -600. What are the prime factors of f?
2, 3, 5
Let y = -73 + 76. Suppose 4*d - 23 = -0*u + y*u, -2*d = -5*u - 29. Suppose -d*k + 72 = 4*k. What are the prime factors of k?
2, 3
Suppose -p + 11 = 4*l - 2*l, -5*l - p = -23. Let f be l/18 - (-1400)/(-225). List the prime factors of f/(-3) + 120 + 0.
2, 61
Let w = -453 + 343. List the prime factors of (-7 - -5)*w/2.
2, 5, 11
Let l(b) = 766*b**3 + 6*b**2 - 13*b + 1. List the prime factors of l(2).
11, 557
Suppose 5*x - t - 28810 = 0, -t + 27070 = 4*x + 4022. List the prime factors of x.
2, 43, 67
Let v(x) = -2*x - 52. Let h be v(-20). What are the prime factors of (h/20 + 1)/((-8)/(-27600))?
2, 3, 5, 23
Suppose 10 = -3*i + 85. Let f = i - 16. Suppose 4*w - 3*c - f = 15, 5*w - 4*c - 29 = 0. List the prime factors of w.
3
Suppose 4*h - 352 = 3*s - s, 2*h + 2*s - 170 = 0. Let b = 64 - h. Let u = 30 + b. What are the prime factors of u?
7
Let i = -1948 + 571. Let r = -784 - i. List the prime factors of r.
593
Let d(k) = 68*k - 418. Let s be d(6). What are the prime factors of (3704/(-40))/(2/s)?
463
Let f = 14 + -228. Let z = f + 1297. What are the prime factors of z?
3, 19
Let s be -3 + (40 - 1)/(-3). Let x be (-16)/(-72) - s/9. List the prime factors of (-87)/((21/x)/(-7)).
2, 29
Let i be ((-88)/33*3/2)/2. Let h(t) be the first derivative of -7*t**4/4 - 7*t**2/2 - 6*t - 18. What are the prime factors of h(i)?
2
Let c be 1/(((-1)/(-6))/(77/(-14))). Let w = 35 + c. Suppose 66 = 2*f + w*d, -f = 2*d + d - 25. What are the prime factors of f?
37
Suppose -5*b - 20*w = -25*w - 204230, -2*b = -w - 81699. What are the prime factors of b?
40853
Let z = -45 + 39. Let b be 0*(z/4)/((-6)/(-2)). Suppose 0 = 5*l - b*l - 220. List the prime factors of l.
2, 11
Let b(z) = -2*z**2 + 31*z - 34. Let d be b(16). Let w(y) = 11*y**2 + 3. Let j be w(3). Let u = j + d. List the prime factors of u.
2, 13
Let x(b) = -2*b**3 - 4*b**2 - 17*b - 7. Let j(z) = z**3 - 10*z**2 + 20*z + 2. Let g be j(7). What are the prime factors of x(g)?
2, 3, 19
Suppose -87483 + 2177 = -13*c. What are the prime factors of c?
2, 17, 193
Suppose -9*a + 4*a + 15 = 0. Let g(l) = -8 + 7 - 2*l**a + 3*l + l**2 - 5*l. What are the prime factors of g(-2)?
23
Suppose -2*q = -5*y + 6*y - 5870, 0 = 5*y - 10. What are the prime factors of q?
2, 3, 163
Let h = -1189 + 287. Let n = h - -1598. What are the prime factors of n?
2, 3, 29
Let y(x) = x**2 - x - 9. Let s be y(-9). Suppose -5*m = -4*o + 5*o + 5, -2*o + 55 = -3*m. Let z = o + s. What are the prime factors of z?
101
Suppose -j + 167 + 1495 = 0. Suppose 0 = 10*y - 7*y, -2*x + j = 2*y. Suppose 3*h = 3*o - x, h = -2*o + 6*h + 542. List the prime factors of o.
281
Suppose 8*h - 28626 = 14094. Suppose 407*o - 410*o = -h. What are the prime factors of o?
2, 5, 89
Suppose 5*o + 1158 = 3*q + 7, -2*q - 5*o = -734. List the prime factors of q.
13, 29
Suppose -109108 + 185529 = -61*i + 1862196. List the prime factors of i.
5, 1171
Let g(z) = z**2 - 3*z + 2. Let l be g(1). Let b be 0 + (0/(l + 1))/(-1). Suppose -4*o - 2*y = -590, -5*y = -2*o - b*o + 313. List the prime factors of o.
149
Let n(l) = l**2 + 5*l + 8. Let g = -95 + 92. Let r be n(g). Suppose k - 197 = 4*x, -5*k + 212 + 751 = r*x. List the prime factors of k.
193
Let x(c) = -7*c + 12 + 14*c + 15 - 8*c. Let h be x(7). Suppose 1444 = h*k - 1756. List the prime factors of k.
2, 5
What are the prime factors of ((-378)/(-24))/((-66)/(-84128))?
2, 3, 7, 239
Let t(j) = j**2 - 6*j - 14. Let m be t(8). Suppose -l + m*z + 44 = 0, l + 0*z = -z + 53. What are the prime factors of l?
2, 5
Let a be ((-20)/6)/((-66)/99). Suppose 6*k - 5*k - a*u - 187 = 0, -4*k + 3*u + 748 = 0. What are the prime factors of k?
11, 17
Suppose -35*p + 12*p + 78867 = 0. What are the prime factors of p?
3, 127
Let g(s) = s - 7. Let j be g(11). Let v be j/(-4) - 188/(-1). Suppose 5*k - v = 33. List the prime factors of k.
2, 11
Let g(o) = -18*o + 26 - 67*o - 3*o + 141 - 2. What are the prime factors of g(-6)?
3, 7, 11
Suppose -4*y + 3*y - 67503 = -4*o, -5*o + y = -84380. List the prime factors of o.
7, 2411
Let x(n) be the third derivative of 247*n**4/24 + 13*n**3/3 - 26*n**2 - 1. List the prime factors of x(2).
2, 5, 13
Let q(o) = -6*o - 11 + 0*o + 0*o**3 + 4*o + 37*o**3 + 2*o**2. What are the prime factors of q(3)?
2, 5
Suppose 21*h - 13*h - 456 = 0. Let p = 293 + h. What are the prime factors of p?
2, 5, 7
What are the prime factors of (-2)/(-3) + (-494161)/(-183)?
37, 73
Let l(o) = 2*o + 16. Let z be 5/(5/(-2)) - 5. Let m be l(z). Suppose m*b = -7*b + 126. List the prime factors of b.
2, 7
Suppose 0 = 7*f + 40*f - 90*f + 14362. What are the prime factors of f?
2, 167
What are the prime factors of (5020 + 11)/((-4)/(-8))?
2, 3, 13, 43
Let u(f) = -35*f**3 - 4*f**2 - 14*f - 9. Let z be u(-4). Suppose 21*j - 24*j = -z. List the prime factors of j.
3, 13, 19
Suppose 4*l - 3*g - 227 = 0, -11*l + 9*l = 3*g - 127. Suppose -52*i = -l*i + 1169. What are the prime factors of i?
167
Suppose -2*h + 2*y + 128 = -0*h, 310 = 5*h + 5*y. Let o = h - 61. Suppose o*s - 145 = s. What are the prime factors of s?
5, 29
Let u be -1 - 1 - -4 - 27. What are the prime factors of (-21235)/u + 2/(-5)?
3, 283
Let h(r) = -9*r**2 - 5*r + 26. Let q be h(5). What are the prime factors of -4 - (q + -2 + 0)?
2, 3, 37
Let g = -6627 + 14403. List the prime factors of g.
2, 3
Let i = 39654 - 16950. List the prime factors of i.
2, 3, 11, 43
Let n(j) = 6*j**3 - 4*j**2 - 8*j - 115. List the prime factors of n(9).
3863
Let z(m) = 790*m - 10015. List the prime factors of z(40).
3, 5, 1439
Let s = 91 + -86. Suppose l = -w + s, -4*w - 2*l + 16 = w. What are the prime factors of (-1 - 215)/(-3)*w/3?
2, 3
Let g be ((-1102)/14 + 4/(-14))*1. Let s(b) = 137*b + 1. Let u be s(1). Let x = g + u. List the prime factors of x.
59
Let d = 226 + 14. Suppose 30*x - d = 20*x. List the prime factors of x.
2, 3
Let k(f) = -4*f**2 - 2*f + 9. Let l be k(2). Let b be 42/l - 2/11. List the prime factors of (-146)/(4 - ((-14)/b - -1)).
2, 73
Let d = -78 + 83. Suppose d*u = 3005 + 650. List the prime factors of u.
17, 43
Suppose -89 = -2*r - 17. Let g be (-779)/(-7) - r/126. Suppose -5*a + g = -2*a. What are the prime factors of a?
37
Suppose -19*a - 27*a + 262154 = 0. What are the prime factors of a?
41, 139
Suppose -66*u = -62*u - 8. List the prime factors of 1067/2 - 6 - u/(-4).
2, 3, 11
Let s(y) = 371*y - 102. What are the prime factors of s(6)?
2, 3, 59
Let i = 111 - 101. Let w be (-5)/(-2*5/i). Suppose 0 = -3*k - w*p + 221, -390 = -k - 4*k - 4*p. List the prime factors of k.
2, 41
List the prime factors of 0 + (-8 - -29) - -10699